?
False
Is 7 a factor of 91102353?
False
Is 1036 a factor of 166615736?
True
Does 85 divide 778248185?
True
Is 4894 a factor of 121910704?
False
Is 21 a factor of 173432532?
True
Is 573 a factor of 68543406?
True
Is 28 a factor of 14066528?
True
Is 15 a factor of 54044265?
True
Is 2575273905 a multiple of 2380?
False
Is 14 a factor of 50881546?
False
Is 40194670 a multiple of 181?
True
Is 10875197 a multiple of 137?
True
Is 25 a factor of 21542700?
True
Does 4 divide 265274698?
False
Is 128440951 a multiple of 33?
False
Is 437 a factor of 85140710?
True
Is 4990 a factor of 162344660?
True
Is 104976604 a multiple of 150?
False
Is 476303301 a multiple of 27?
True
Does 720 divide 16278340?
False
Does 621 divide 217380365?
False
Does 9 divide 20855011?
False
Does 67 divide 241306744?
False
Is 1314 a factor of 29801520?
True
Is 62554968 a multiple of 373?
False
Does 1132 divide 2127646072?
True
Is 149654355 a multiple of 19?
True
Is 254 a factor of 2256357?
False
Does 3395 divide 259968730?
True
Does 45 divide 4872060?
True
Is 1278409500 a multiple of 6740?
True
Is 4057 a factor of 75619270?
False
Is 265913351 a multiple of 180?
False
Is 5672 a factor of 42228040?
True
Is 80 a factor of 94899583?
False
Is 39 a factor of 1062660118?
False
Is 538 a factor of 410901804?
True
Is 66574880 a multiple of 2528?
True
Is 155 a factor of 860364471?
False
Is 2100 a factor of 76766431?
False
Is 358 a factor of 102729890?
True
Is 17 a factor of 2686153?
True
Does 113 divide 1462197033?
False
Does 85 divide 11259355?
True
Does 30 divide 1995687038?
False
Is 11 a factor of 19871236?
True
Is 9742482 a multiple of 3?
True
Does 283 divide 15668207?
False
Does 17 divide 31597675?
False
Is 174 a factor of 413663946?
True
Does 15 divide 1646055?
True
Is 272 a factor of 438500448?
True
Does 201 divide 77157870?
True
Does 44 divide 92163544?
True
Is 35 a factor of 209830530?
True
Is 103 a factor of 176626190?
False
Is 463 a factor of 153534041?
True
Is 269475300 a multiple of 20?
True
Is 132 a factor of 148113240?
True
Is 51 a factor of 20254594?
False
Is 240 a factor of 191867520?
True
Is 43802200 a multiple of 20?
True
Is 1573472806 a multiple of 43?
False
Is 99018081 a multiple of 63?
False
Is 29715780 a multiple of 18?
False
Is 17 a factor of 13078678?
True
Is 3211085393 a multiple of 211?
False
Is 119 a factor of 483585060?
True
Is 2524844 a multiple of 1486?
False
Is 160 a factor of 456658240?
True
Is 253344643 a multiple of 390?
False
Does 177 divide 40018107?
True
Is 18 a factor of 4508802957?
False
Is 3122977 a multiple of 11?
True
Is 6148675 a multiple of 65?
True
Is 2021 a factor of 1450357657?
False
Is 2251 a factor of 3504065042?
False
Is 5812522 a multiple of 1510?
False
Is 810 a factor of 226508022?
False
Is 192362097 a multiple of 309?
False
Does 2805 divide 93740295?
True
Does 429 divide 2316171?
True
Does 7 divide 629626999?
False
Is 128 a factor of 1130322176?
True
Is 99 a factor of 11704790?
False
Does 13 divide 48703303?
False
Is 64 a factor of 521313186?
False
Does 12 divide 11456184?
True
Is 7236075 a multiple of 735?
True
Is 229095783 a multiple of 9?
True
Is 11 a factor of 21989390?
False
Is 2783657280 a multiple of 4920?
True
Does 749 divide 478708709?
False
Does 2844 divide 35912213?
False
Does 2232 divide 150768629?
False
Is 86982810 a multiple of 97?
True
Does 6833 divide 16563192?
True
Is 50 a factor of 1337325200?
True
Does 31 divide 2139071?
False
Does 12 divide 30161364?
True
Is 257 a factor of 8174993?
False
Is 169 a factor of 50099036?
True
Is 485460 a multiple of 31?
True
Does 21 divide 487158064?
False
Is 966433 a multiple of 16?
False
Is 47 a factor of 152392753?
True
Is 1427 a factor of 2107035806?
False
Is 23772504 a multiple of 12?
True
Does 392 divide 60763401?
False
Is 42836363 a multiple of 463?
False
Is 948697650 a multiple of 675?
True
Does 9 divide 33802147?
False
Is 4127047 a multiple of 476?
False
Does 919 divide 263023314?
True
Is 47139750 a multiple of 630?
True
Is 194683651 a multiple of 367?
False
Is 39946459 a multiple of 14?
False
Is 1579859579 a multiple of 2289?
False
Does 26 divide 601100970?
False
Is 1594508710 a multiple of 322?
False
Does 883 divide 264818320?
False
Does 1176 divide 29672663?
False
Does 4 divide 52118472?
True
Is 48216080 a multiple of 131?
False
Is 29365094 a multiple of 1133?
True
Is 122 a factor of 2606654440?
True
Does 56 divide 868579556?
False
Is 238 a factor of 254887766?
True
Is 6 a factor of 21004214?
False
Is 136 a factor of 813295912?
True
Does 9 divide 13630323?
False
Is 52079548 a multiple of 36?
False
Is 6039614 a multiple of 389?
True
Is 54 a factor of 90372174?
False
Is 272493426 a multiple of 36?
False
Does 982 divide 103844536?
True
Is 186 a factor of 2343992832?
True
Is 3469666 a multiple of 82?
True
Is 1891655195 a multiple of 953?
False
Is 277 a factor of 433440202?
False
Is 1184 a factor of 31199584?
True
Is 2325893332 a multiple of 137?
False
Does 25 divide 794737931?
False
Is 3 a factor of 92298?
True
Is 314 a factor of 2656913904?
False
Is 3415 a factor of 821131950?
False
Is 70 a factor of 856108750?
True
Is 6 a factor of 18001134?
True
Is 113 a factor of 82617238?
True
Is 36 a factor of 69335922?
False
Is 171 a factor of 42577305?
False
Does 140 divide 35709840?
False
Does 12237 divide 2672844030?
False
Is 13 a factor of 1058312229?
True
Is 90 a factor of 80789220?
True
Is 3 a factor of 7936272?
True
Is 147411306 a multiple of 837?
False
Is 12003 a factor of 2628500961?
True
Is 41255998 a multiple of 1161?
False
Does 669 divide 21464098?
False
Is 2328 a factor of 3360851857?
False
Is 66614616 a multiple of 18?
True
Is 61868035 a multiple of 32?
False
Does 27 divide 134111673?
True
Does 3 divide 32051516?
False
Is 13906476 a multiple of 204?
True
Is 473 a factor of 137768818?
True
Does 5 divide 19310941?
False
Is 1553529054 a multiple of 714?
True
Is 11819935 a multiple of 457?
False
Is 641940723 a multiple of 11?
False
Does 5623 divide 1079890536?
False
Is 1570550264 a multiple of 236?
True
Is 16366737 a multiple of 495?
False
Is 141 a factor of 3623517405?
True
Is 29580170 a multiple of 13?
False
Is 12236885 a multiple of 1886?
False
Does 26 divide 82397328?
True
Is 438262835 a multiple of 95?
True
Does 28 divide 97943322?
False
Is 22827096 a multiple of 162?
True
Does 651 divide 36709527?
False
Is 2329 a factor of 107544395?
False
Is 28 a factor of 42701792?
True
Is 619428054 a multiple of 229?
True
Is 28 a factor of 224489114?
False
Does 370 divide 27491608?
False
Is 469 a factor of 29055019?
True
Is 216 a factor of 106237072?
False
Is 365350176 a multiple of 1357?
False
Is 24212753 a multiple of 28?
False
Does 3569 divide 11224505?
True
Is 55871014 a multiple of 903?
False
Does 1004 divide 4696633?
False
Is 9 a factor of 234694323?
True
Is 1510274820 a multiple of 305?
False
Is 41 a factor of 210960006?
True
Does 71 divide 10523541?
False
Is 218541490 a multiple of 102?
False
Is 92 a factor of 2616999156?
True
Is 1300941212 a multiple of 4775?
False
Is 9 a factor of 19749573?
True
Is 160107646 a multiple of 23?
True
Is 38915817 a multiple of 43?
True
Is 173239594 a multiple of 62?
True
Is 25704175 a multiple of 245?
True
Is 6 a factor of 142233102?
True
Does 2843 divide 88327451?
False
Is 3 a factor of 12935356?
False
Is 9 a factor of 2122929963?
True
Does 3549 divide 930833592?
False
Does 17 divide 78439887?
True
Is 11927886 even?
True
Does 71 divide 57359693?
True
Is 473734866 a multiple of 627?
True
Is 28 a factor of 1396780?
True
Does 509 divide 20328791?
False
Does 196 divide 992670504?
False
Does 32 divide 67815043?
False
Does 71 divide 151099715?
True
Does 1814 divide 32916844?
True
Does 759 divide 23706065?
False
Does 32 divide 2057222336?
True
Is 1031556460 a multiple of 4252?
True
Is 13893823 a multiple of 320?
False
Does 161 divide 83355145?
False
Does 2 divide 236196807?
False
Does 21 divide 201110464?
False
Does 2013 divide 74475490?
False
Is 332436866 a multiple of 760?
False
Is 25489736 a multiple of 4?
True
Is 63455482 a multiple of 75?
False
Is 1687393495 a multiple of 358?
False
Does 575 divide 16740550?
True
Is 736969664 a multiple of 32?
True
Is 16 a factor of 99361464?
False
Does 3563 divide 67112668?
True
Is 339631056 a multiple of 1296?
